(240).
-41
Let t(a) = 26*a**2 + 110*a + 407. Determine t(-7).
911
Let r(o) = -3295*o + 3339. Calculate r(1).
44
Let h(j) = j**3 + 124*j**2 - 599*j + 5944. Determine h(-129).
10
Let j(v) = -v**3 - 194*v**2 - 779*v - 4211. Give j(-190).
-601
Let j(a) = -5778*a + 80878. What is j(14)?
-14
Let w(m) = 89*m**2 + 481*m - 6. What is w(-5)?
-186
Let u(k) = 402*k - 13666. Determine u(34).
2
Let y(w) = -w**3 - 30*w**2 + 156*w - 1110. Determine y(-35).
-445
Let j(s) = -s**3 + s**2 + 38*s + 44. Calculate j(-8).
316
Let i(r) = -146*r - 505. Determine i(-4).
79
Let y(f) = f**3 - 52*f**2 + 909*f - 5149. What is y(12)?
-1
Let g(y) = 259*y + 5617. What is g(-22)?
-81
Let n(g) = -2*g**3 + 273*g**2 - 1690*g - 3. What is n(130)?
-3
Let x(s) = 2*s - 623. Give x(311).
-1
Let n(w) = -1576*w - 194397. Determine n(-123).
-549
Let q(g) = g**3 + 244*g**2 - 1057*g - 16105. Calculate q(-248).
15
Let c(d) = -2*d**2 + 1351*d + 27613. What is c(-20)?
-207
Let g(o) = -5*o**2 + 513*o - 6071. What is g(14)?
131
Let z(f) = -29*f**3 + 3860*f**2 - 420*f + 2793. Determine z(133).
0
Let g(j) = -j**2 - 3168*j + 402. Give g(0).
402
Let a(x) = -x**2 + 666*x + 14361. Give a(-21).
-66
Let j(u) = 290*u - 8638. Calculate j(30).
62
Let z(g) = -3295*g - 3116. Determine z(-1).
179
Let s(i) = i**3 + 199*i**2 + 1314*i - 5753. Calculate s(-192).
7
Let d(w) = w**3 + 1854*w**2 + 16602*w - 35. What is d(-9)?
-8
Let c(v) = 3*v**2 + 128*v + 752. Calculate c(-14).
-452
Let a(x) = -41879*x - 125643. What is a(-3)?
-6
Let z(w) = 2*w**3 - 203*w**2 + 4018*w - 3242. Calculate z(75).
-17
Let x(c) = 3052524*c + 12210093. Determine x(-4).
-3
Let s(j) = j**3 - 27*j**2 + 114*j - 206. Calculate s(27).
2872
Let b(p) = -217*p**2 + 731*p - 2234. Calculate b(3).
-1994
Let l(i) = -2*i**2 + 6924*i - 1249517. Give l(191).
5
Let r(c) = 27*c**2 - 17452*c + 6452. Determine r(646).
-8
Let q(v) = 72*v - 681. What is q(9)?
-33
Let v(t) = 1520*t - 33448. Determine v(22).
-8
Let m(n) = n**3 + 58*n**2 + 192*n - 275. Determine m(-54).
1021
Let t(i) = 4512*i - 58832. What is t(13)?
-176
Let k(y) = y**2 + 2287*y - 43827. Determine k(19).
-13
Let t(g) = -3*g**3 + 16*g**2 - 196*g + 1504. Calculate t(8).
-576
Let v(i) = -i**3 - 290*i**2 + 2405*i + 24. What is v(8)?
192
Let i(c) = 30371*c + 153593. Give i(-5).
1738
Let d(v) = 10*v**2 - 886*v + 19173. Determine d(51).
-3
Let o(b) = 237154*b + 8774701. Determine o(-37).
3
Let v(n) = -173*n - 25669. Calculate v(-148).
-65
Let d(m) = m**2 - 1035*m + 21277. Determine d(21).
-17
Let n(k) = -4*k**2 + 79*k + 822. What is n(34)?
-1116
Let r(k) = -131321*k - 656815. Give r(-5).
-210
Let s(t) = -63*t**3 + 84*t**2 - 6. Calculate s(4).
-2694
Let b(f) = -16*f**2 + 387*f + 7347. Give b(37).
-238
Let x(a) = 21*a**3 + 4*a**2 - 20*a - 299. What is x(5)?
2326
Let m(b) = 2*b**2 - 455*b - 6135. Determine m(-13).
118
Let x(d) = 2*d**2 - 203*d - 37841. Determine x(-96).
79
Let z(t) = 204625*t - 409160. Determine z(2).
90
Let p(t) = t**2 + 4440*t - 4439. Give p(1).
2
Let w(n) = -n**2 - 10955*n + 65674. Determine w(6).
-92
Let j(y) = -y**3 + 75*y**2 - 501*y + 9. Calculate j(67).
2354
Let o(u) = 14*u**2 - 84*u - 59. What is o(-7)?
1215
Let f(w) = 814*w + 1129. Determine f(-2).
-499
Let v(i) = -3*i**3 + 23*i**2 + 393*i + 10. What is v(0)?
10
Let n(u) = u**3 + 93*u**2 - 1739*u - 194. Calculate n(-109).
-739
Let c(j) = -2564*j - 666647. Determine c(-260).
-7
Let d(g) = -291*g - 51337. Calculate d(-175).
-412
Let t(s) = 64*s**2 - 339*s + 1615. Give t(5).
1520
Let f(b) = 8*b**2 + 1512*b + 57667. Give f(-136).
3
Let k(h) = -21*h - 249. Determine k(-14).
45
Let o(x) = 48*x**2 + 6576*x + 189. Determine o(-137).
189
Let u(y) = -310*y**3 + 16*y**2 + 7*y - 9. Give u(-1).
310
Let b(m) = m**2 - 2406*m - 16777. What is b(-7)?
114
Let a(t) = 1774339*t - 1774344. Give a(1).
-5
Let y(f) = -76*f**2 - 1001*f + 58. What is y(-17)?
-4889
Let d(u) = -963*u + 7830. Determine d(6).
2052
Let l(x) = 353299*x - 6006085. Determine l(17).
-2
Let x(g) = 140*g**2 - 43*g + 55. What is x(2)?
529
Let d(m) = -m**3 - 9*m**2 + 1258*m + 806. Give d(32).
-922
Let t(f) = 860*f + 1568. What is t(-2)?
-152
Let v(r) = 335*r - 4675. Calculate v(13).
-320
Let c(b) = -6425*b**2 - 1259293*b + 1351. Calculate c(-196).
-21
Let v(x) = 81502*x + 11002765. Determine v(-135).
-5
Let w(l) = 3*l**2 - 2176*l - 6556. Calculate w(-3).
-1
Let y(p) = -416*p - 22248. Give y(-54).
216
Let j(l) = -16729*l + 2860583. Determine j(171).
-76
Let b(n) = -251*n - 6460. Determine b(-27).
317
Let z(c) = c**3 + 10*c**2 - 539*c - 2265. What is z(-4)?
-13
Let z(h) = 1243*h - 37350. What is z(30)?
-60
Let i(r) = -4*r**2 + 4153*r - 21737. Give i(1033).
-44
Let v(f) = 3*f**2 + 463*f + 14357. Determine v(-111).
-73
Let z(x) = 37*x**2 + 346*x + 386. Give z(-8).
-14
Let l(g) = 647*g - 206372. Give l(319).
21
Let y(g) = -31826*g + 603900. Calculate y(19).
-794
Let z(i) = -6*i**3 + 146*i**2 + 2161*i + 1008. Determine z(-10).
-2
Let a(s) = 11*s**2 + 1383*s - 43389. What is a(26)?
5
Let r(p) = p**2 - 55697*p - 389887. What is r(-7)?
41
Let g(p) = -3*p**2 + 172*p - 2316. What is g(37)?
-59
Let u(w) = -6*w**3 - 1882*w**2 + 917*w + 90745. What is u(-314)?
-1
Let l(y) = -y**3 - 148*y**2 + 112*y + 16580. Calculate l(-148).
4
Let i(t) = t**3 + 46*t**2 - 237*t + 919. What is i(-51)?
1
Let m(n) = n**3 - 20*n**2 - 156*n + 2203. Calculate m(14).
-1157
Let v(i) = -2*i**3 + 248*i**2 + 1030*i - 782. What is v(128)?
-14
Let f(m) = -5845*m + 10165. Determine f(2).
-1525
Let j(o) = 2*o**2 + 11902*o + 142532. Determine j(-12).
-4
Let f(h) = -600*h**2 - 110*h - 109. Give f(-1).
-599
Let h(j) = 16889*j - 6586716. Calculate h(390).
-6
Let z(l) = -l**3 - 42*l**2 + 1770*l + 74045. Determine z(-40).
45
Let o(p) = -2*p**2 - 66445*p - 465053. Give o(-7).
-36
Let n(j) = j**2 + 25277*j - 227572. What is n(9)?
2
Let r(c) = c**3 - 33*c**2 - 91*c + 693. Calculate r(35).
-42
Let n(a) = 70*a**3 - 1677*a**2 - 62*a - 231. Give n(24).
9
Let r(l) = -1568*l**2 - 7916*l - 390. Calculate r(-5).
-10
Let w(t) = -t**3 + 346*t**2 + 2555*t - 646926. Calculate w(348).
6
Let y(p) = -p**2 + 5483*p - 2899808. What is y(593)?
-38
Let w(c) = -c**3 + 338*c**2 - 21483*c - 5527. Give w(253).
39
Let y(g) = 6*g**2 - 3280*g - 27768. What is y(555)?
-18
Let o(y) = -16188*y - 242844. Calculate o(-15).
-24
Let k(c) = 8*c**3 + 69*c**2 + 33*c - 400. Give k(-7).
6
Let m(d) = -d**2 - 89*d - 2246. What is m(-47)?
-272
Let g(p) = p**3 + 81*p**2 + 1504*p - 224. Calculate g(-52).
-16
Let a(j) = 10*j**2 + 1119*j + 30509. Determine a(-65).
24
Let k(h) = -2*h**3 - 290*h**2 + 29*h + 647. Calculate k(-145).
-3558
Let d(n) = 2*n**2 - 1595*n - 24135. Determine d(-15).
240
Let u(a) = -29*a - 1408. Give u(-26).
-654
Let y(g) = -6*g**3 - 1891*g**2 - 303*g + 1036. What is y(-315)?
-2744
Let r(k) = -8*k**2 + 39*k + 1325. Give r(25).
-2700
Let y(q) = 16196*q - 97745. Calculate y(6).
-569
Let x(h) = -84*h + 124. Give x(6).
-380
Let t(q) = -60300*q + 181327. Determine t(3).
427
Let s(d) = d**3 - 9*d**2 + 1324*d - 7838. Give s(6).
-2
Let q(g) = 71*g**3 - 2402*g**2 - 408*g. Determine q(34).
0
Let s(t) = 312564*t - 3125622. Give s(10).
18
Let x(q) = -2*q**3 + 4181*q**2 + 16759*q + 1. What is x(-4)?
-11
Let o(z) = -100*z + 6468. What is o(64)?
68
Let d(l) = -8*l**3 - 232*l**2 + 789*l + 656. Determine d(-32).
-16
Let v(d) = -90*d**2 + 5146*d - 20582. Calculate v(4).
-1438
Let o(t) = 4*t**2 - 536*t - 4537. What is o(-8)?
7
Let a(o) = 97*o**2 - 4279*o + 66. What is a(44)?
-418
Let t(r) = -35*r**2 + 6*r - 1863. What is t(-7)?
-3620
Let j(a) = 9*a - 190. What is j(97)?
683
Let b(z) = 2815*z + 185955. Give b(-66).
165
Let b(k) = 2*k**2 - 748*k + 21268. What is b(343)?
2
Let v(d) = -40708*d - 2483180. Calculate v(-61).
8
Let x(r) = 5201*r + 161231. Determine x(-31).
0
Let l(x) = 12*x**2 + 1272*x - 542. Calculate l(-105).
-1802
Let h(d) = -120*d**2 - 1091*d + 17. What is h(-9)?
116
Let m(b) = b**3 + 15*b**2 - 263*b - 3979. Determine m(-16).
-27
Let v(m) = -4*m**2 - 138*m + 12. Calculate v(-31).
446
Let x(l) = l**3 - 8*l**2 - 74*l + 23. Give x(7).
-544
Let z(v) = 6*v**3 + 123*v**2 - 35*v - 41. Determine z(-21).
-629
Let n(r) = -2*r**3 + 232*r + 2. Give n(-11).
112
Let r(n) = n**2 - 9763*n + 233761. Give r(24).
25
Let w(d) = 3*d**2 - 107*d + 456. What is w(36)?
492
Let p(f) = -f**2 